6 + 105596. Calculate the greatest common factor of h and 280.
35
Let q(u) = -57*u - 1. Let s(o) = -o**3 + 4*o**2 + 6*o - 9. Let g be s(5). Let c be q(g). Let y = c - 151. What is the highest common factor of 19 and y?
19
Let c = -7917 + 8476. What is the greatest common divisor of 26 and c?
13
Let z = -6204 + 7393. What is the greatest common divisor of 369 and z?
41
Let q = 1015 + -985. Calculate the highest common divisor of q and 4410.
30
Let s(y) = 42*y + 34. Let o be s(3). Suppose 14*t - o = -6*t. Suppose t*m + 2*m = 1440. Calculate the greatest common factor of 18 and m.
18
Suppose -203*n + 8964 + 23922 = 0. Suppose j - 1 - 5 = 0. What is the highest common factor of j and n?
6
Let i(f) = f**2 + 73*f + 1324. Let q be i(-45). What is the greatest common divisor of 3904 and q?
64
Let m(w) = -5567*w + 7649. Let d be m(-3). What is the greatest common factor of 20 and d?
10
Let f(q) = -2*q**3 - 22*q**2 + 3*q - 133. Let o be f(-13). Calculate the highest common divisor of o and 648.
72
Let p = -629 + 707. Let y = p + -73. What is the greatest common divisor of 215 and y?
5
Let q = 142 - 141. Let g(t) = 147*t**2 + 5*t - 5. Let d be g(q). Let a = 19 - -2. Calculate the highest common divisor of d and a.
21
Let l = 72 + -160. Let p = l - -114. Suppose 36 = 2*k - p. What is the greatest common factor of 248 and k?
31
Let u(x) = 76*x**2 + 24*x - 47. Let g be u(2). Suppose 2*t + 0*t - 14 = -v, -5*t + 17 = -2*v. Calculate the highest common factor of g and t.
5
Let k = -723 + 1045. Suppose -2*n + 530 = 4*a - k, -n = -2*a - 414. Calculate the highest common divisor of n and 35.
35
Let o be (-104)/(-5) - 7/(-35). Let u(h) = -43*h**2 + 10*h - 8. Let y be u(3). Let f = -176 - y. What is the greatest common divisor of f and o?
21
Let j be (6/(-10))/(-2 - (-822)/410). Let q = -116 - j. What is the greatest common factor of 3 and q?
1
Let p(v) = 11 + 0*v**2 + 4*v - v**2 - 1 + 0*v**2. Let k be p(5). Suppose -k*o - 71 = -231. What is the greatest common divisor of o and 16?
16
Suppose 1655808 = 58*q - 68*q + 178*q. Calculate the greatest common divisor of 77 and q.
77
Let l be -351*156/(-13858) + 6/123. Let i be 603/6 + 1/(-2). Calculate the greatest common divisor of l and i.
4
Let y = 3295 - 3276. What is the greatest common factor of y and 8227?
19
Let g(q) be the third derivative of q**5/60 - 5*q**4/8 - 197*q**3/6 + 129*q**2 + 2. Let k be g(29). Calculate the greatest common factor of k and 38.
19
Let n(o) = -3*o**3 - 304*o**2 + 184*o + 6. Let r be n(-102). Calculate the highest common divisor of 418 and r.
22
Let n(s) = -96*s - 1924. Let y be n(-23). What is the greatest common factor of 20 and y?
4
Suppose -14*i + 43 + 797 = 10*i. Calculate the greatest common divisor of i and 24185.
35
Let m(x) = 11*x + 67. Let b be m(-5). Let p = 25 - b. What is the greatest common divisor of p and 65?
13
Let x(f) = 28*f**2 + 20*f - 20. Let v be x(1). Suppose -6 = -t + 4*a, -t + v = 5*a - 5. What is the highest common divisor of t and 234?
18
Let u(m) = 2*m**2 + 85*m + 610. Let f be u(-8). What is the highest common factor of f and 406?
58
Suppose -3*t + 23*a = 24*a - 24, -2*a - 15 = -t. Let r(g) = 2*g**2 - 5*g + 3. Let n be r(4). Calculate the highest common factor of n and t.
3
Let s = -56 + 56. Suppose s = -25*x + 8*x + 204. Calculate the highest common factor of x and 156.
12
Let p = 2813 + -1384. Suppose -p + 169 = -6*y. Suppose 3*o - 13*o = -y. What is the greatest common factor of 35 and o?
7
Suppose -6679 = 156*c - 110355 + 8360. Calculate the highest common divisor of 416 and c.
13
Suppose -2*q = 3*z - 150, -3*q - 4*z = 35 - 261. What is the greatest common factor of 806 and q?
26
Suppose 10379 = 39*u - 134584. What is the highest common factor of 63 and u?
63
Let n = 21 + -8. Suppose c - 4*w - 61 = 0, 2*c + 2*w + 2*w - 62 = 0. Suppose c*u = 49*u - 728. Calculate the greatest common divisor of n and u.
13
Let q(d) = d**2 - 11*d - 36. Let k be q(18). Let f = k - 68. Let a be ((-253)/f)/((4/(-2))/4). Calculate the highest common factor of a and 23.
23
Let u = 76 - 74. Let m be (u + 27/(-12))*-68. Suppose 4*k - 528 = -2*w + 6*w, -4*w + 16 = 0. What is the highest common divisor of m and k?
17
Suppose -3*y = -5*m + 84, -5*m + 54 + 32 = -2*y. Let k = -181 + 301. Suppose k*x - 129*x + 243 = 0. Calculate the greatest common factor of m and x.
9
Let l(m) = m**2 - 7*m + 1. Let q be l(8). Let w = 869 + -464. Suppose -17*v - w = -22*v. What is the greatest common divisor of q and v?
9
Suppose -230*a + 7112 + 38888 = 0. Calculate the greatest common factor of a and 312.
8
Let a be 7*1*11/11 + -5. Suppose 49 + 16 = a*w - 3*j, 3*w - 69 = -5*j. Calculate the greatest common factor of 42 and w.
14
Suppose 16 = 4*r, r + 8 = -5*u + 42. Let h(w) = -w**2 + 10*w - 12. Let s be h(u). Calculate the greatest common factor of 24 and s.
12
Let a be (3/3)/(1/61). Let g = -38 + a. Suppose 16*r + 23 = 17*r. What is the highest common divisor of r and g?
23
Let d = -21633 + 34672. What is the highest common divisor of 26 and d?
13
Suppose -189*s + 238581 = -205569. Calculate the highest common factor of 376 and s.
94
Let x(c) = -c + 4 + 8*c + 20*c**2 - 19*c**2. Let t be x(-4). Let b be -3 + (-20)/5*t. What is the greatest common divisor of b and 87?
29
Let x be (-3 + -2 + 5)/2. Suppose l - 2*w - 253 = 0, -l - 2*w + 220 + 45 = x. Calculate the highest common factor of 37 and l.
37
Suppose 506*b - 234 = 519*b. Let c be (-1)/(-2) - (-21)/b*-717. What is the greatest common divisor of c and 62?
31
Let q = 790 + -784. Let y be ((-16)/q)/2*(-195)/10. What is the greatest common divisor of y and 78?
26
Let v be 310032/96 - 9/(-6). What is the greatest common factor of v and 6?
3
Let p = -57 + 75. Suppose -t - p - 145 = 0. Let u = -42 - t. Calculate the greatest common divisor of 11 and u.
11
Let w(d) = -18*d**2 - 186*d - 15. Let s = 399 + -409. Let t be w(s). What is the highest common divisor of 27 and t?
9
Suppose -4*b = -0*b - 28. Suppose -3*u = 10*u + 39. Let l be ((-56)/(-10))/((u + 7)/40). Calculate the highest common factor of b and l.
7
Let l be -2*(-3)/27 - 16/(-9). Suppose 4*h = -4, 0*g + l*h = -2*g. Let i be (66/9)/(g/3). What is the highest common divisor of 110 and i?
22
Suppose 18 = y + y. Suppose 0 = -3*v - y + 45. Let u = -66 + 70. What is the highest common divisor of v and u?
4
Let o(t) = -t**3 - 26*t**2 - 41*t + 30. Let f be o(-24). Let s = 154 + f. Calculate the greatest common factor of s and 208.
16
Suppose 0 = -3*a - 5 + 29. Let c(m) = -m**3 - 20*m**2 + 14*m + 5. Let d be c(-21). What is the highest common factor of a and d?
8
Let s be ((-6)/5)/(4 - 1467/360). Suppose 2*a - s*a + 672 = 0. Calculate the highest common divisor of 384 and a.
48
Let b = 126 + -76. Suppose -2*m - b = -4*z + 2*z, 4 = -2*m. Suppose 3*y + 2*o - 65 = 0, 3*o = 4*y - 0*o - 98. What is the greatest common divisor of z and y?
23
Let y(h) = 2*h**3 - 28*h**2 - 66*h + 92. Let j be y(16). What is the highest common divisor of 3840 and j?
60
Let c(h) = -12*h - 50. Let a be c(-7). Suppose -4*u - 608 = -5*d, -d - 2*u + 96 = -a. Calculate the greatest common divisor of 186 and d.
62
Let d be 28 + (-2 - 0)*(-13)/(-26). Let q(m) = 12*m**2 - m + 1. Let p be ((-1)/(-1))/(3/12). Let y be q(p). What is the highest common divisor of y and d?
27
Suppose -q + 133 = -3*t - 187, -1308 = -4*q + 5*t. What is the greatest common factor of q and 2407?
83
Suppose -3*i = 15, 673*v - 5*i = 678*v - 25. Let n = 16 + -6. What is the greatest common factor of n and v?
10
Suppose 12 = -57*w + 60*w. Let x = 1017 - 357. Suppose 5*z + 3*s = 655, 0*z + w*s - x = -5*z. Calculate the greatest common factor of z and 16.
16
Let h(j) = 2*j**2 - 17*j + 28. Let u be h(6). Let n(c) = -29*c + 12. Let i be n(u). What is the highest common divisor of i and 90?
10
Let c = 8184 - 6904. What is the highest common divisor of 10 and c?
10
Suppose -4*z + 2614 = -378. Let t = z + -170. Suppose 4*p = -3*i + t, 2*p + 365 = 4*i - 435. What is the greatest common divisor of i and 18?
18
Suppose -3*j + 213 = -93. Suppose -3*r = -153 + j. What is the greatest common factor of 85 and r?
17
Suppose 0 = -l - 4*l + 145. Suppose -7*h + 910 + 2135 = 0. What is the highest common factor of l and h?
29
Suppose -n + 137 = h, h - 118 = 2*n + 25. Calculate the gre